e 9*z - 12 = 5*z. Suppose 5*h + z = -2, -5*s + 18 = -3*h. Suppose 5*w + 5*n = s*n + 87, 0 = 5*n + 20. What is the tens digit of w?
1
Suppose 0 = d + z - 3148, 5*d + 5*z + 2*z = 15736. What is the units digit of d?
0
Let w(p) = 138*p - 30. What is the units digit of w(4)?
2
Suppose -5*g + 0*g - 3*a + 6283 = 0, 0 = -3*g + 3*a + 3789. What is the units digit of g?
9
Let n be (-3 + 2)/(1/(-30)). Suppose 0 = 3*w - n - 9. What is the tens digit of w?
1
Let c(u) = 1 - 214*u + 3 + 207*u. What is the units digit of c(-9)?
7
Let z(c) = 534*c - 20. What is the hundreds digit of z(1)?
5
Let z(h) = h + 18. Let m be z(-22). Let p(r) = -63*r - 12. What is the tens digit of p(m)?
4
What is the units digit of 2 + (7 - -330 - -4)?
3
Suppose -3*j + 5*n + 100 = 2*j, 0 = -3*j + 5*n + 54. Let r = -16 + j. Suppose 5*i + 2*a - 89 = 0, -r*a = 5*i - 3*a - 83. What is the units digit of i?
9
Suppose -2 = -s - 5. Let x = 13 + s. Suppose x*z - 71 = -2*p + 5*z, 2*p + z = 51. What is the tens digit of p?
2
Let s = -3027 - -4313. What is the tens digit of s?
8
Let g = -15 - 39. Let p = g - -100. Suppose -2*l + 47 = 5*d - 68, 0 = -2*d + l + p. What is the tens digit of d?
2
Let q(x) = x**3 + 5*x**2 - 5*x + 6. Let o be q(-6). Suppose -2*p - 3*p - f + 297 = o, 0 = 2*p + f - 117. What is the tens digit of p?
6
Suppose -13 = -2*r + 4*i + 139, -5*i - 301 = -4*r. Suppose -382 - r = -3*d. What is the hundreds digit of d?
1
Let c = -12 - -17. Suppose -6*h + c + 127 = 0. What is the tens digit of h?
2
Let v(d) = -d**3 - 17*d**2 - 22*d + 14. Suppose -6*s = -4*s + 32. What is the units digit of v(s)?
0
Suppose l + 487 = -5*s, 2*l - 6*l + 5*s - 1973 = 0. What is the hundreds digit of (-32)/(-6)*(-1)/(16/l)?
1
Let g = 339 + -129. What is the units digit of g?
0
Suppose -5 = -2*h + h - f, 2*f - 10 = -4*h. Suppose 3*k - k - 392 = h. Suppose -2*y - k = -6*y. What is the units digit of y?
9
Suppose -28*k + 33*k = 1820. Suppose -2*t + k + 154 = 0. What is the units digit of t?
9
Let j(k) = -k**2 + 10*k - 5. Let b be j(8). Suppose -b - 4 = 5*i, -q + 1 = -3*i. What is the units digit of q/6*(-3)/2?
2
Let o = -24 - -26. Suppose -22 = -y - 4*x + 71, 0 = o*y + 2*x - 162. What is the tens digit of y?
7
Suppose 4*d = q + 364, 2*q = -4*d - 0*q + 352. What is the units digit of d?
0
Suppose 0 = 14*v - 13*v - 2. What is the tens digit of 34 - (-2 - -5 - v)?
3
Let t(p) = 32*p**2 + p - 5. What is the tens digit of t(-3)?
8
Let w be 12/36 + 485/3. What is the tens digit of (w/(-12))/(3/(-4))?
1
Let f(r) = -r + 20. Suppose 4*w + 3*j + 13 = 8*j, -5*w + 3*j = 0. What is the units digit of f(w)?
7
Suppose -10 = 2*v, 0 = -18*a + 13*a + v + 5915. What is the thousands digit of a?
1
Suppose 4*z = -8*z + 60. Suppose -z*n + 181 + 108 = -q, -n + 5*q = -53. What is the units digit of n?
8
Suppose 0 = -2*d - 3*u + 19, 2*d - 11 = -u + 2. Suppose -2*o + 823 = 7*x - 2*x, -d*o - 170 = -x. What is the hundreds digit of x?
1
Suppose -6 + 0 = -x. Let a = x + -20. What is the units digit of (1/3)/(a/(-630))?
5
Let u(s) = 4*s**2 + 4*s - 1. Suppose -7*c - 12 = -4*c. Let w = -7 - c. What is the tens digit of u(w)?
2
Suppose 131213 = 28*m + 47493. What is the tens digit of m?
9
Let m(y) = y**3 + 4*y**2 - 3*y. Let z be m(-4). Suppose 5*r - 13 = a + 13, 0 = -2*a + 2*r - 20. Let q = a + z. What is the units digit of q?
6
Suppose -4*q + 3*v = -20, -5*q + 15 = -2*q - 4*v. Suppose 4*w + q = 5*w. Suppose -w*g + 11 = -14. What is the units digit of g?
5
Let b = -1537 - -2875. What is the units digit of b/24 - (-2)/8?
6
Let k(g) = 96*g - 513. What is the thousands digit of k(31)?
2
Let y be (4/(-1) + 4)/2. Suppose y = 2*d - 200 + 72. What is the tens digit of d?
6
Let f(l) = -16*l - 1. What is the units digit of f(-2)?
1
Let a be 362/15 + 2/(-15). Suppose 2*t = -4*n + a, 0 = 4*t + n - 98 + 29. What is the tens digit of t?
1
Let p = -280 - -1142. What is the units digit of p?
2
Let k be 6 + ((-5)/(-1))/(-5). Let v = -9 + 14. Suppose -4*m = -k*l - 3, v*m + 3*l - 11 = m. What is the units digit of m?
2
Let t be -1*1*-1 + 4 + -6. What is the units digit of (9/6 + t/2)*75?
5
Let w(p) be the third derivative of -p**6/120 - 3*p**5/20 + 5*p**4/12 - p**3 + 18*p**2. What is the units digit of w(-11)?
6
Let k(s) = 9*s**2 + 2*s + 7. Let t be k(4). Suppose c + 20 = t. What is the hundreds digit of c?
1
Let m = -2 + 0. Let r be 2/m + (10 - 8). Let v = r - -15. What is the tens digit of v?
1
Suppose -2*m + 93 - 33 = 5*j, -j - 5*m + 35 = 0. Suppose -j*t + 1037 = -303. What is the hundreds digit of t?
1
What is the hundreds digit of (-273)/455 + 1838/5?
3
Let g(a) = 36*a**2 - 6*a - 18. Let m be g(-3). Let i = m - 29. What is the tens digit of i?
9
Let h(a) = -a + 1. Let v be h(-6). Suppose 3*p = -j + 17, 4*p + v = 23. Suppose 0 = -5*t + 2*x + 63, j*t - 7*x + 4*x = 62. What is the units digit of t?
3
Let s(v) = v**3 + 12*v**2 - 15*v. Let n be (2 - (0 + -2)) + -17. What is the tens digit of s(n)?
2
Let f = -367 - -920. What is the hundreds digit of f?
5
Suppose -5 = -5*w, 3*h - 5*w = -7*w + 4631. What is the hundreds digit of h?
5
Let h(y) = -y**2 + 17*y + 22. Let b be h(17). Suppose -5*k - b + 257 = 0. What is the units digit of k?
7
Suppose -2*b = -3*n + 405 - 4944, 0 = -b + 2*n + 2267. What is the thousands digit of b?
2
Let r(g) = g**3 + 8*g**2 - 9*g - 5. Let u be r(-4). Let z = -9 + u. What is the tens digit of z?
8
Suppose 0 = y + 1, 3*y + 91 = g - y. What is the units digit of g?
7
Let m(t) = -3*t. Let r(o) = 30*o. Let v(u) = -21*m(u) - 2*r(u). Let y be (-3)/(15/(-4)) - (-1)/5. What is the units digit of v(y)?
3
Let l = -606 - -1642. What is the units digit of l?
6
Suppose -48 = 5*p - 148. Let d = p - -135. Suppose -7*v + 12*v = d. What is the tens digit of v?
3
Suppose -4*h + h - 5*y + 2104 = 0, h - 704 = -3*y. What is the units digit of h?
8
Let h be 1 - (-3)/6*2. Suppose 3*i = -h*g - 28, 0 = 5*g - 2*i + 53 + 17. Let r(o) = -o**3 - 13*o**2 + 14*o + 1. What is the units digit of r(g)?
1
What is the units digit of 1*-653*(-34 - -33)?
3
Suppose -2*r = -3*s + 68, 3*s - 4*s - r + 21 = 0. Let y = 10 + s. Suppose 2*b = -0*b + y. What is the tens digit of b?
1
Suppose 41*h - 5175 = 32*h. What is the hundreds digit of h?
5
Let x = 1977 - 438. What is the units digit of x?
9
Let r(v) = -v**2 - 3*v. Let g be r(-2). Suppose 0 = -5*a + g + 18. Let b = a + 11. What is the tens digit of b?
1
What is the hundreds digit of 34*(-4 - -7)*(-37)/(-2)?
8
Let y = -26 - -30. Suppose -294 = -y*i + 2*o, 107 - 31 = i - 3*o. What is the units digit of i?
3
Let c = 143 - 71. What is the units digit of c?
2
Let k(n) = 5*n + 1. Let i be k(-7). Let f = i + 55. What is the tens digit of f?
2
Suppose 0*p + 80 = 4*p. What is the tens digit of 1/((-5)/(-402)) - 8/p?
8
Let u = 1306 + -797. What is the units digit of u?
9
Let z be (-16)/(-24) + 274/3. Suppose -2*m - r + 24 = -42, 3*m - 2*r = z. What is the tens digit of m?
3
Suppose f - 29 = 223. What is the tens digit of f?
5
Let b(z) be the second derivative of -z**6/720 + z**5/6 + z**4/3 + 6*z. Let t(k) be the third derivative of b(k). What is the units digit of t(9)?
1
What is the thousands digit of 10/(-2) - -1551 - 1/1?
1
Suppose -1224 = -3*g - 3*s, 1244 = 3*g - 0*s - 2*s. Suppose 0 = 3*n - 9, 5*b + 3*n = -n + g. What is the tens digit of b?
8
Let s(p) = 161*p**2 + 26*p + 86. What is the thousands digit of s(-3)?
1
What is the units digit of (-1201)/(-3) + 3 + (-4)/(-6)?
4
Let m = 8 - 11. Let a(u) = -3*u + 3 - 5*u**2 + 6*u**2 + 6*u. What is the units digit of a(m)?
3
Suppose 2*o - 1287 = 1121. What is the units digit of o?
4
Let q = 526 + -313. What is the tens digit of (35/75 - 2/(-10))*q?
4
Suppose 1084 = 150*v - 148*v. What is the hundreds digit of v?
5
Suppose -3395 = -7*z + 10*a - 15*a, 0 = -4*z - 2*a + 1940. What is the tens digit of z?
8
Let x be ((-15)/3 - 3)/(-2). Suppose -2*k = -x*m - 116, 0 = -3*k - 0*k + 3*m + 159. Let a = k - 23. What is the tens digit of a?
2
Let l = 2653 + -1441. What is the units digit of l?
2
Let o be (-2 - -6 - 47)*1. Let c = -35 - o. Suppose -c*x + 123 = -5*x. What is the units digit of x?
1
Let c be (-4 + 1 - (-17)/5)*-10. Let z(t) = 8*t**2 + 4*t + 5. What is the units digit of z(c)?
7
Suppose -47*x + 1431 = 3*n - 44*x, -4*n = 3*x - 1912. What is the tens digit of n?
8
Suppose 0 = 7*g - 6